Is 21 a factor of 3843?
True
Does 29 divide 21054?
True
Is 11 a factor of 2356?
False
Is 60 a factor of 26871?
False
Does 10 divide 170?
True
Is 43 a factor of 2902?
False
Does 25 divide 1675?
True
Is 18 a factor of 216?
True
Does 16 divide 2976?
True
Is 14160 a multiple of 20?
True
Does 4 divide 2638?
False
Is 744 a multiple of 8?
True
Does 47 divide 329?
True
Does 19 divide 969?
True
Is 44 a factor of 1672?
True
Does 8 divide 23477?
False
Does 10 divide 1010?
True
Is 9 a factor of 1440?
True
Does 74 divide 688?
False
Does 79 divide 90406?
False
Is 1999 a multiple of 83?
False
Is 8559 a multiple of 27?
True
Is 49 a factor of 441?
True
Is 4432 a multiple of 125?
False
Is 23 a factor of 335?
False
Is 5 a factor of 110?
True
Is 35 a factor of 1400?
True
Is 28 a factor of 2514?
False
Is 396 a multiple of 18?
True
Is 3680 a multiple of 54?
False
Is 87 a multiple of 29?
True
Is 2479 a multiple of 63?
False
Is 2912 a multiple of 91?
True
Is 64 a factor of 1792?
True
Does 15 divide 10600?
False
Is 2 a factor of 324?
True
Is 11 a factor of 9995?
False
Is 8 a factor of 503?
False
Is 3712 a multiple of 32?
True
Is 10 a factor of 2784?
False
Is 39 a factor of 47697?
True
Is 973 a multiple of 44?
False
Does 10 divide 610?
True
Is 1395 a multiple of 2?
False
Is 3552 a multiple of 74?
True
Is 14 a factor of 18550?
True
Is 4733 even?
False
Is 2190 a multiple of 6?
True
Does 64 divide 3019?
False
Is 42 a factor of 252?
True
Does 37 divide 1147?
True
Does 24 divide 2615?
False
Is 111 a multiple of 29?
False
Is 50 a factor of 850?
True
Is 10422 a multiple of 6?
True
Does 4 divide 9388?
True
Is 16791 a multiple of 13?
False
Is 10 a factor of 818?
False
Is 37 a factor of 259?
True
Is 14 a factor of 95684?
False
Does 41 divide 10623?
False
Does 14 divide 1358?
True
Is 15 a factor of 1941?
False
Is 56 a factor of 982?
False
Is 859 a multiple of 7?
False
Is 11842 a multiple of 31?
True
Does 17 divide 51?
True
Is 29 a factor of 306?
False
Is 954 a multiple of 18?
True
Does 30 divide 1092?
False
Is 3 a factor of 60?
True
Is 37 a factor of 120?
False
Is 11 a factor of 1195?
False
Does 39 divide 8736?
True
Does 28 divide 1371?
False
Is 782 a multiple of 22?
False
Is 6722 even?
True
Is 58 a factor of 11994?
False
Is 174 a factor of 627?
False
Is 10086 a multiple of 82?
True
Is 7590 a multiple of 16?
False
Is 132 a factor of 19325?
False
Is 18 a factor of 54?
True
Is 29 a factor of 1450?
True
Does 26 divide 644?
False
Does 33 divide 299?
False
Does 9 divide 486?
True
Does 20 divide 91100?
True
Is 30492 a multiple of 18?
True
Does 73 divide 7373?
True
Is 3 a factor of 1637?
False
Is 2354 a multiple of 11?
True
Does 15 divide 1222?
False
Does 26 divide 832?
True
Is 8 a factor of 177?
False
Is 10185 a multiple of 15?
True
Is 2089 a multiple of 20?
False
Is 31535 a multiple of 63?
False
Is 292 a multiple of 12?
False
Is 2182 a multiple of 4?
False
Is 29 a factor of 1058?
False
Is 46544 a multiple of 34?
False
Is 29240 a multiple of 66?
False
Is 25 a factor of 6625?
True
Is 32861 a multiple of 10?
False
Is 17 a factor of 221?
True
Does 2 divide 270?
True
Is 3823 a multiple of 10?
False
Is 360 a multiple of 18?
True
Is 8016 a multiple of 16?
True
Is 68 a factor of 13408?
False
Does 6 divide 57?
False
Does 24 divide 6994?
False
Does 125 divide 81326?
False
Is 5 a factor of 119?
False
Is 28 a factor of 522?
False
Does 18 divide 72?
True
Does 27 divide 1188?
True
Is 19091 a multiple of 141?
False
Is 10 a factor of 280?
True
Does 389 divide 26841?
True
Is 20 a factor of 5920?
True
Is 37496 a multiple of 218?
True
Is 9 a factor of 9?
True
Is 2880 a multiple of 36?
True
Is 59 a factor of 835?
False
Is 89 a multiple of 2?
False
Is 42 a factor of 81113?
False
Is 1035 a multiple of 23?
True
Is 65 a factor of 24391?
False
Does 66 divide 1143?
False
Does 7 divide 25910?
False
Does 15 divide 6188?
False
Is 34 a factor of 139882?
False
Does 68 divide 80123?
False
Does 41 divide 164?
True
Is 21 a factor of 16275?
True
Is 10 a factor of 8390?
True
Is 1751 a multiple of 17?
True
Is 2512 a multiple of 21?
False
Is 1590 a multiple of 28?
False
Is 804 a multiple of 65?
False
Does 96 divide 68656?
False
Is 45 a multiple of 21?
False
Does 11 divide 143166?
False
Is 6 a factor of 1524?
True
Is 80 a factor of 1520?
True
Does 50 divide 569?
False
Is 48 a factor of 2064?
True
Is 4525 a multiple of 25?
True
Is 901 a multiple of 17?
True
Is 964 a multiple of 17?
False
Is 924 a multiple of 21?
True
Does 19 divide 2166?
True
Is 3 a factor of 346?
False
Does 30 divide 24856?
False
Is 4 a factor of 1280?
True
Is 8316 a multiple of 84?
True
Does 79 divide 6241?
True
Is 104 a factor of 2821?
False
Does 38 divide 2202?
False
Is 78984 a multiple of 12?
True
Is 538 a multiple of 9?
False
Does 16 divide 3897?
False
Is 693 a multiple of 11?
True
Is 3 a factor of 1104?
True
Is 20 a factor of 260?
True
Is 29 a factor of 57739?
True
Is 8784 a multiple of 6?
True
Is 8 a factor of 15531?
False
Is 135 a factor of 945?
True
Is 675 a multiple of 68?
False
Is 2984 a multiple of 8?
True
Is 82 a factor of 1807?
False
Is 135 a multiple of 3?
True
Does 6 divide 7098?
True
Is 54194 a multiple of 14?
True
Is 114 a factor of 2736?
True
Is 156 a multiple of 4?
True
Is 17622 a multiple of 33?
True
Does 17 divide 4208?
False
Is 110 a factor of 110?
True
Is 7 a factor of 20672?
False
Does 108 divide 14359?
False
Does 107 divide 4416?
False
Is 11 a factor of 1991?
True
Does 35 divide 175?
True
Is 1121 a multiple of 22?
False
Is 10718 a multiple of 46?
True
Is 130 a multiple of 13?
True
Is 74520 a multiple of 27?
True
Is 28 a factor of 31657?
False
Is 6989 a multiple of 14?
False
Does 11 divide 2739?
True
Does 42 divide 5628?
True
Does 16 divide 96569?
False
Is 8568 a multiple of 63?
True
Is 348 a multiple of 10?
False
Is 26 a factor of 3978?
True
Is 435 a multiple of 18?
False
Does 18 divide 32620?
False
Does 27 divide 243?
True
Is 5738 a multiple of 47?
False
Is 14 a factor of 42646?
False
Is 62288 a multiple of 34?
True
Does 6 divide 1105?
False
Does 35 divide 770?
True
Is 1058 a multiple of 9?
False
Does 123 divide 25092?
True
Is 259 a multiple of 5?
False
Does 321 divide 25359?
True
Is 9 a factor of 866?
False
Does 9 divide 1728?
True
Does 6 divide 35196?
True
Is 146 a factor of 40006?
False
Does 22 divide 202?
False
Is 9195 a multiple of 9?
False
Is 17 a factor of 8572?
False
Does 8 divide 24677?
False
Does 14 divide 70?
True
Is 180 a multiple of 15?
True
Is 7 a factor of 4263?
True
Is 27442 even?
True
Does 41 divide 2170?
False
Does 72 divide 14961?
False
Is 9648 a multiple of 72?
True
Does 6 divide 240?
True
Is 17158 a multiple of 29?
False
Is 236 a multiple of 5?
False
Is 9 a factor of 194?
False
Is 93 a multiple of 3?
True
Does 12 divide 236?
False
Does 41 divide 6782?
False
Is 50 a factor of 800?
True
Is 258 a multiple of 43?
True
Is 40 a factor of 3320?
True
Is 3 a factor of 863?
False
Is 33 a factor of 561?
True
Does 14 divide 42948?
False
Does 237 divide 13035?
True
Does 46 divide 368?
True
Does 12 divide 2096?
False
Is 58 a factor of 1510?
False
Does 13 divide 13741?
True
Is 2418 a multiple of 26?
True
Does 21 divide 51?
False
Is 22 a factor of 27874?
True
Is 518 a multiple of 6?
False
Is 13 a factor of 3439?
False
Does 228 divide 14366?
False
Is 60 a factor of 7631?
False
Is 6150 a multiple of 50?
True
Does 7 divide 683?
False
Is 34 a factor of 3808?
True
Is 2616 a multiple of 59?
False
Is 1121 a multiple of 5?
False
Does 21 divide 35432?
False
Is 15 a factor of 406?
False
Is 31 a factor of 40478?
False
Is 61 a factor of 27999?
True
Is 796 a multiple of 4?
True
Does 66 divide 46993?
False
Is 3454 a multiple of 65?
False
Is 5280 a multiple of 15?
True
Does 14 divide 3920?
True
Is 34 a factor of 2448?
True
Is 252 a factor of 131370?
False
Does 79 divide 2584?
False
Is 13 a factor of 2262?
True
Is 150 a factor of 52551?
False
Is 59 a factor of 708?
True
Does 9 divide 1725?
False
Is 229 a factor of 2682?
False
Is 6 a factor of 852?
True
Does 38 divide 418?
True
Is 82 a factor of 6136?
False
Does 59 divide 7590?
False
Does 14 divide 2366?
True
Is 85 a factor of 850?
True
Is 16 a factor of 992?
True
Does 18 divide 540?
True
Does 36 divide 48849?
False
Is 4429 a multiple of 27?
False
Is 24 a factor of 1368?
True
Is 12 a fa